{"id":228,"date":"2017-03-16T17:04:26","date_gmt":"2017-03-16T16:04:26","guid":{"rendered":"http:\/\/nienburger-projekte.de\/?page_id=228"},"modified":"2019-01-02T20:44:45","modified_gmt":"2019-01-02T19:44:45","slug":"kontakt","status":"publish","type":"page","link":"http:\/\/nienburger-projekte.de\/?page_id=228","title":{"rendered":"Kontakt"},"content":{"rendered":"<form action=\"http:\/\/www.formular-chef.de\/fc.cgi\" enctype=\"multipart\/form-data\" method=\"post\">\n<h5><img decoding=\"async\" loading=\"lazy\" class=\"alignnone size-full wp-image-274\" src=\"http:\/\/nienburger-projekte.de\/wp-content\/uploads\/2017\/03\/Motiv-Wechselbild-Kontakt-copyrigth-bey-Michael-Bunge-1.jpg\" alt=\"\" width=\"1666\" height=\"422\" srcset=\"http:\/\/nienburger-projekte.de\/wp-content\/uploads\/2017\/03\/Motiv-Wechselbild-Kontakt-copyrigth-bey-Michael-Bunge-1.jpg 1666w, http:\/\/nienburger-projekte.de\/wp-content\/uploads\/2017\/03\/Motiv-Wechselbild-Kontakt-copyrigth-bey-Michael-Bunge-1-300x76.jpg 300w, http:\/\/nienburger-projekte.de\/wp-content\/uploads\/2017\/03\/Motiv-Wechselbild-Kontakt-copyrigth-bey-Michael-Bunge-1-768x195.jpg 768w, http:\/\/nienburger-projekte.de\/wp-content\/uploads\/2017\/03\/Motiv-Wechselbild-Kontakt-copyrigth-bey-Michael-Bunge-1-1024x259.jpg 1024w\" sizes=\"(max-width: 1666px) 100vw, 1666px\" \/><\/h5>\n<h5><!-- [if lt IE 9]>\n \t \t<link rel='stylesheet' id='twentysixteen-ie8-css' href='http:\/\/nienburger-projekte.de\/wp-content\/themes\/twentysixteen\/css\/ie8.css?ver=20160816' type='text\/css' media='all' \/>\n<![endif]--><strong>Sie k\u00f6nnen uns unter <a href=\"kontakt@nienburger-projekte.de\">kontakt@nienburger-projekte.de<\/a> schreiben<\/strong><br \/>\n<strong> oder gleich folgendes Formular verwenden:<\/strong><\/h5>\n<div id=\"page\" class=\"site\">\n<div class=\"site-inner\">\n<div id=\"content\" class=\"site-content\">\n<div id=\"primary\" class=\"content-area\">\n<article id=\"post-205\" class=\"post-205 page type-page status-publish hentry\">\n<h6 class=\"entry-content\" style=\"text-align: center;\"><span style=\"color: #b61600;\"><em>Damit Sie eine Antwort erhalten k\u00f6nnen, bitte unbedingt Name, E-Mail und den Grund angeben!!!<\/em><em><br \/>\n<\/em><\/span><\/h6>\n<\/article>\n<\/div>\n<\/div>\n<\/div>\n<\/div>\n<p><!-- Der URL zum Fehlerseiten-Template: --><input name=\"template_fehler\" type=\"hidden\" value=\"http:\/\/\" \/><!-- Hier beginnen die Formular-Felder, die dem Besucher angezeigt werden: --><label for=\"Anrede\">Anrede:<\/label><br \/>\n<select id=\"Anrede\" name=\"Anrede\" size=\"1\"><option>Herr<\/option><option>Frau<\/option><option>Firma<\/option><\/select><\/p>\n<p><label for=\"Vorname\">Ihr Vorname:<\/label><br \/>\n<input id=\"Vorname\" name=\"Vorname\" type=\"text\" \/><br \/>\n<label for=\"Nachname\">Ihr Name:<\/label><br \/>\n<input id=\"Nachname\" name=\"Nachname\" type=\"text\" \/><br \/>\n<label for=\"Telefon-Nr.\">Telefon-Nummer:<\/label><br \/>\n<input id=\"Telefon-Nr.\" name=\"Telefon-Nr.\" type=\"text\" \/><br \/>\n<label for=\"absender\">E-Mail:<\/label><br \/>\n<input id=\"absender\" name=\"absender\" type=\"text\" \/><br \/>\n<label for=\"f_wunsch1\"><\/label><br \/>\n<label for=\"f_wunsch1\">Grund Ihrer Nachricht:<\/label><!-- Das Formular beginnt hier, die folgende Zeile NICHT \u00e4ndern: --><\/form>\n<form action=\"http:\/\/www.formular-chef.de\/fc.cgi\" enctype=\"multipart\/form-data\" method=\"post\"><input name=\"betreff\" type=\"radio\" value=\"Glockenspiel\" \/> Glockenspiel<br \/>\n<input name=\"betreff\" type=\"radio\" value=\"Automobilpionier-Denk-mal\" \/> Automobilpionier-&#8222;Denk-mal&#8220;<br \/>\n<input name=\"betreff\" type=\"radio\" value=\"offene H\u00f6fe und G\u00e4rten\" \/> offene H\u00f6fe und G\u00e4rten<br \/>\n<input name=\"betreff\" type=\"radio\" value=\"Weinanbau\" \/> Weinanbau<br \/>\n<input name=\"betreff\" type=\"radio\" value=\"Ich m\u00f6chte Mitglied werden\" \/> Ich m\u00f6chte Mitglied werden<br \/>\n<input name=\"betreff\" type=\"radio\" value=\"Anderes\" \/> Anderes<\/p>\n<p><label for=\"text\">Text:<\/label><br \/>\n<textarea id=\"text\" cols=\"30\" name=\"text\" rows=\"4\"><\/textarea><br \/>\n<input type=\"submit\" value=\"Senden\" \/><\/p>\n<p>(Formular-Service vom <a href=\"http:\/\/www.formular-chef.de\/index.cgi\" target=\"_blank\" rel=\"noopener\">Formular-Chef<\/a>)<\/p>\n<\/form>\n","protected":false},"excerpt":{"rendered":"<p>Sie k\u00f6nnen uns unter kontakt@nienburger-projekte.de schreiben oder gleich folgendes Formular verwenden: Damit Sie eine Antwort erhalten k\u00f6nnen, bitte unbedingt Name, E-Mail und den Grund angeben!!! Anrede: HerrFrauFirma Ihr Vorname: Ihr Name: Telefon-Nummer: E-Mail: Grund Ihrer Nachricht: Glockenspiel Automobilpionier-&#8222;Denk-mal&#8220; offene H\u00f6fe und G\u00e4rten Weinanbau Ich m\u00f6chte Mitglied werden Anderes Text: (Formular-Service vom Formular-Chef)<\/p>\n","protected":false},"author":1,"featured_media":274,"parent":0,"menu_order":10,"comment_status":"closed","ping_status":"closed","template":"","meta":[],"_links":{"self":[{"href":"http:\/\/nienburger-projekte.de\/index.php?rest_route=\/wp\/v2\/pages\/228"}],"collection":[{"href":"http:\/\/nienburger-projekte.de\/index.php?rest_route=\/wp\/v2\/pages"}],"about":[{"href":"http:\/\/nienburger-projekte.de\/index.php?rest_route=\/wp\/v2\/types\/page"}],"author":[{"embeddable":true,"href":"http:\/\/nienburger-projekte.de\/index.php?rest_route=\/wp\/v2\/users\/1"}],"replies":[{"embeddable":true,"href":"http:\/\/nienburger-projekte.de\/index.php?rest_route=%2Fwp%2Fv2%2Fcomments&post=228"}],"version-history":[{"count":22,"href":"http:\/\/nienburger-projekte.de\/index.php?rest_route=\/wp\/v2\/pages\/228\/revisions"}],"predecessor-version":[{"id":429,"href":"http:\/\/nienburger-projekte.de\/index.php?rest_route=\/wp\/v2\/pages\/228\/revisions\/429"}],"wp:featuredmedia":[{"embeddable":true,"href":"http:\/\/nienburger-projekte.de\/index.php?rest_route=\/wp\/v2\/media\/274"}],"wp:attachment":[{"href":"http:\/\/nienburger-projekte.de\/index.php?rest_route=%2Fwp%2Fv2%2Fmedia&parent=228"}],"curies":[{"name":"wp","href":"https:\/\/api.w.org\/{rel}","templated":true}]}}